et g = 272 - 181. Suppose -92 = n - g. Give y(n).
5
Let y(b) = -4*b. Let u be y(-4). Let s be 5/10*u/2. Let p(g) = -s - g**3 + 2 - 3*g**2 + 4. Give p(2).
-18
Let y(s) = -2*s**2 - 23*s - 33. Let z be y(-10). Let k(f) = f**3 + 2*f**2 - f + 2. Calculate k(z).
-4
Let k(m) be the second derivative of m**5/20 - m**4/6 + m**3/6 + m**2/2 + 2*m. Suppose -4*p + 18 = -7*p. Let v be (-1 + 0)*(-3)/p*-4. What is k(v)?
3
Suppose 0 = -2*x - 0*x + 5*q + 19, 0 = -x + 5*q + 17. Let i(a) = -a + 8*a - 4 + 17*a**3 + 3*a - 16*a**3 + 11*a**x. What is i(-10)?
-4
Let s be (3/(-3))/(5/(40/(-8))). Let o(n) = 5*n**2 - 3*n + 2. Calculate o(s).
4
Let u(c) = -177*c + 1 - 189*c + 371*c + 2*c**2. Calculate u(-2).
-1
Let i(v) = 4*v + 13. Let a(t) = 16*t + 59. Let g(z) = 2*a(z) - 9*i(z). What is g(2)?
-7
Let u(s) = -2*s + 5. Suppose -2*x = k - 8, -2*x + 3 = -2*k - 5. Suppose 0 = m - 4*o - x, 0 = -m - o - 3 - 3. Calculate u(m).
13
Let r(j) = j**2 - 9*j - 1. Suppose -2*f + 194 - 180 = 0. Calculate r(f).
-15
Let l(a) = 9*a + 6. Let c(f) = -11*f - 6. Let w(p) = -4*c(p) - 5*l(p). Determine w(-13).
7
Let o(u) = -14*u + 8. Let r = -69 - -72. Let t(l) = 5*l - 3. Let n(c) = r*o(c) + 8*t(c). What is n(-3)?
6
Let x(p) = p**2 + 13*p + 7. Let d be x(-12). Let z(v) be the third derivative of 1/120*v**6 - 1/12*v**4 + 1/12*v**5 + 0 + v**2 + 0*v + 1/6*v**3. Calculate z(d).
11
Suppose -5*j + 1 = 4*p - 3*p, 22 = 2*j - 5*p. Let o(t) be the second derivative of -1/2*t**2 - 2/3*t**3 + 0 - 13*t. What is o(j)?
-5
Let t(h) be the first derivative of h**5/60 + 7*h**4/24 + 5*h**3/6 - 7*h**2/2 + 24. Let w(k) be the second derivative of t(k). Calculate w(-6).
-1
Let g(t) = -t**3 + 14*t**2 + 15*t + 15. Let f be g(15). Let v(c) = c - 19. Determine v(f).
-4
Let j(g) = -g**3 + 8*g**2 - 4*g - 2. Suppose -2*r + 33 = -5*w, -3*r = -0*r - w - 17. Let a be r/((-12)/(-21))*1. Calculate j(a).
19
Let a(w) = w**3 - 6*w**2 - 9*w + 5. Suppose 5*o - 85 - 350 = 0. Let r = -80 + o. Calculate a(r).
-9
Let h(f) be the first derivative of f**3/3 - 3*f**2 - 4*f + 4. Let t be (-75)/(-10) + (-2)/4. What is h(t)?
3
Suppose -q = 4*q. Suppose -o + 5*o = 4*d - 68, q = -4*o - 3*d - 68. Let x = o + 22. Let w(i) = -i - 7. Give w(x).
-12
Let n(u) = -u**3 + u**2 - u. Let p = -63 - -64. Let x(s) = -3*s - s**3 - 1 - 3*s**3 - 3*s**2 - 5 - 4*s. Let a(i) = p*x(i) - 3*n(i). Determine a(-5).
-11
Let g(x) = 11*x + 4 - 7*x**2 + 1 + 8 - 9. Let q(k) = -13*k**2 + 21*k + 8. Let r(m) = -11*g(m) + 6*q(m). Calculate r(5).
4
Let r(g) = g**2. Let t(b) = 0*b**2 - 2*b - 7 + 3*b**2 - 2*b. Suppose 5*p - 15 = 5*x, 0*p - 5*x - 9 = -2*p. Let s(v) = p*r(v) - t(v). Determine s(6).
-5
Let l = 28 - 24. Let d = 11 + -11. Let i(z) = -3 + 5 - 2*z + z**2 + d*z. What is i(l)?
10
Let v(u) be the third derivative of u**5/60 + 7*u**4/24 + 2*u**3/3 + 15*u**2. Suppose -d = 2*h + 6 + 2, -5*d - 2*h - 32 = 0. Determine v(d).
-2
Let c(k) = 5*k**3 - 11*k**2 + 2. Let t be 2/(-9) + 6/27. Let w(g) = -2*g + 2*g + g**3 + t*g - g**2. Let z(j) = -c(j) + 4*w(j). Determine z(7).
-2
Let w(x) = 3*x + 1. Let h(r) = -r**3 - 10*r**2 + 3*r + 37. Let p be h(-10). Determine w(p).
22
Let n(k) be the first derivative of -k**2 + 2*k - 2. Let s = 2198 + -2195. Determine n(s).
-4
Let x(n) = -2*n**3 - 2*n**2 + n + 1. Let r(f) = 5*f - 6. Let w be r(4). Suppose 0 = w*s - 9*s. Let l be -2 - (2 + (s - 2)). Determine x(l).
7
Let r be (-4)/8 + (-18)/4. Let g = r - -8. Suppose -g*j - 2*j = -10. Let p(o) = o + 1. What is p(j)?
3
Let i(h) = h**2 + 1. Let n(j) = 13*j - 2 - 12*j + 6 + 6*j**2. Let y(k) = -5*i(k) + n(k). Give y(3).
11
Let i(u) = 8*u**3 + u**2 - 2*u + 1. Let o(z) = -6*z. Let d be o(-1). Suppose 7*g = -3*s + d*g + 8, 0 = -2*g + 10. What is i(s)?
8
Let g be 6/4*(29 - 27). Let t(x) = -2*x**3 + 2*x**2 - x - 2. What is t(g)?
-41
Let f(r) = 2*r**2 - 3*r - 3. Suppose -25 - 65 = -10*x. Suppose 4 = -x*d + 7*d. Determine f(d).
11
Let j = 10 - 1. Let x(n) = -j + 5 + n**3 - 13*n**2 + 12*n**2. Calculate x(0).
-4
Let x(v) = -7*v**2 - 1 + 1. Let z = 297 + -167. Let n be z/(-110) + (-2)/(-11). Determine x(n).
-7
Let d(j) = 3*j + 6. Let f(m) = 3*m + 4*m**3 + m**2 - 1 - 1 - 4*m. Let p = 293 + -294. Let q be f(p). Determine d(q).
-6
Let v(d) = 21*d + d**3 + 61 - 16 + 17*d**2 + 8 - 74*d**2 + 33*d**2. Calculate v(23).
7
Let i(s) = -4*s**3 - 2*s**2 + s + 1. Let y(j) = 3*j**3 + 2*j**2 - 1. Let b be 7/(98/4)*7. Let d(n) = b*i(n) + 3*y(n). Let u = -7 + 5. Calculate d(u).
-5
Let f be 2*4/(8/5). Let h(c) = -c**3 + 5*c**2 + 4. Let i(n) = n**3 - 5*n**2 - 3. Suppose 0 = -11*x + 12*x + 2. Let s(t) = x*i(t) - 3*h(t). Determine s(f).
-6
Let g(u) = 17*u**2 + 27*u - 11. Let o(k) = 7*k**2 + 13*k - 5. Let q(n) = 2*g(n) - 5*o(n). Suppose -3*j + 6*j + 33 = 0. What is q(j)?
3
Let v(k) = 19*k**3 + 4 + 3*k**2 - 18*k**3 + k - 5*k + k. Give v(-5).
-31
Suppose -3*m + 37 = -4*b, -2*m - 3*b + 1 = -1. Let p(g) = g**3 - 6*g**2 - 5*g - 4. Determine p(m).
10
Let c be (2/(-3))/((-16)/(-24)). Let a be (3 - (-2)/c)/((-2)/(-4)). Let q(i) = -5*i. Calculate q(a).
-10
Let s(j) = -2 + 0 + 5 - j**2 + 0*j**2. Suppose 0*t + t = -3. What is s(t)?
-6
Let p be 4/(((-1)/(-5))/((-22)/(-110))). Let b(f) = -f**2 + 3*f - 2. Calculate b(p).
-6
Let x(q) = q**3 + q**2 - q + 3. Suppose 7*b - 2*b = 0. Suppose y - i = -2, b = y - 0*i - 3*i + 10. Let k be (1 - y) + 2/2. Calculate x(k).
3
Let x(f) = 5*f**2 - 11*f + 7. Let u(g) = -3*g**2 + 7*g - 5. Let k(o) = -8*u(o) - 5*x(o). Calculate k(5).
-25
Let w(v) = -v**2 + v - 5. Let h(n) = 2*n**2 - 2*n + 10. Let a(j) = -4*h(j) - 7*w(j). Let d(k) = 32 + 8 - k + 4*k - 10. Let m be d(-10). What is a(m)?
-5
Let r(k) = k**3 - 7*k**2. Suppose 5*t + x + 3 = 4*t, -t + 1 = -3*x. Let y = -6 + 11. Let h = y - t. Determine r(h).
0
Suppose 10*p = 12*p - 6. Let r(h) be the third derivative of h**5/20 - h**4/6 - h**3/6 - 10*h**2. Give r(p).
14
Let s(o) be the first derivative of o**3/3 - o**2/2 + 2*o + 5080. Suppose -n = 5*y - 17, 2*y - 5*n - 38 = -15. Give s(y).
14
Suppose 0 = 2*h + h - 27. Let q be 100/(-36) + (-2)/h. Let t(m) be the third derivative of m**4/6 + m**3/6 - 3*m**2 - m. Determine t(q).
-11
Let x(w) = 7*w**3 + 13*w**2 + 3*w - 13. Let f(r) = 15*r**3 + 27*r**2 + 6*r - 27. Let j(h) = 6*f(h) - 13*x(h). Suppose -4*o = o + 30. Calculate j(o).
-11
Let r(k) = -k**2 - 3*k - 3. Let d be (-3 - -3) + 1 + 5. Suppose -8*j - 18 - d = 0. What is r(j)?
-3
Let a(w) = -3*w**2 + 19*w + 21. Let r be a(7). Let y(p) = -3*p - 6. Determine y(r).
-27
Let x(c) = -c - 6. Let f be (12/(-14))/(9/378). Let t = f + 29. What is x(t)?
1
Suppose -4*o + h + 7 = 0, 11 = -4*o + 2*h + 13. Let q = 5 - 2. Let s(a) = 0 + 0 - q*a. Determine s(o).
-9
Let m(d) = -d + 1. Suppose -11*i = -0 - 11. Give m(i).
0
Let j be 3/(-2)*(-7)/(105/(-10)). Let y(t) = -5*t. Determine y(j).
5
Let q(s) = -s + 2. Suppose f + 9 = -5*j, 5*f - 8*f - 4*j = -17. Calculate q(f).
-9
Let b(j) = 6*j**3 - 4*j**2 - j. Let y(m) = m**3 - m**2. Let c(f) = -b(f) + 5*y(f). What is c(-2)?
2
Let o be -8*12/(-24)*(2 - 1). Let x(q) = 5*q - 14. Determine x(o).
6
Let s(r) be the third derivative of -r**6/120 + r**5/15 - r**4/12 + 2*r**3/3 + 281*r**2. Let m = -3 + 6. Calculate s(m).
7
Let i(s) = -s**3 - s**2 + 4*s + 2. Suppose 16*c = 196 - 244. Calculate i(c).
8
Let h(n) be the second derivative of n**5/20 - n**4/3 - 2*n**3/3 + 2*n**2 + 136*n. Calculate h(5).
9
Let r(w) = -4*w - 9. Let u be r(7). Let t = -34 - u. Suppose -3*h - 12 = 6*x - 3*x, 0 = t*h + x + 4. Let k(m) = -m + 8. Give k(h).
8
Let w(u) be the first derivative of 0*u**2 + 6 + u + 4/3*u**3 - 1/2*u**4. What is w(3)?
-17
Let k(h) be the third derivative of h**8/20160 - h**7/1008 - h**6/240 - 3*h**5/20 + 15*h**2. Let l(d) be the third derivative of k(d). Calculate l(6).
3
Let n(k) = 5*k + 6. Let j(y) = 67*y - 4 - 2 + 2 - 73*y. Let m(d) = -2*j(d) - 3*n(d). Give m(-4).
2
Let r be (30376/(-30))/(-4) - 4/30. Let o(j) = -r + j + 126 + 125. Determine o(-2).
-4
Let v(h) be the first derivative of h**7/840 - h**6/180 + h**5/120 + h**4/12 + 10*h**3/3 + 17. Let d(b) be the third derivative of v(b). Calculate d(2).
4
Let a(v) = 2*v**2. Suppose -61*t + 34*t = -81. Determine a(t).
18
Suppose -6*l - 365 = -371. Let b(d) = 10*d**3 - d. Calculate b(l).
9
Suppose 0 = -281*d + 276*d + 30. Let i(p) = -p - 2. Let n(m) = 2*m + 3. Let r(v) = 11*i(v) + 6*n(v). What is r(d)?
2
Let j 